{"id":420,"date":"2014-09-09T03:56:58","date_gmt":"2014-09-09T03:56:58","guid":{"rendered":"https:\/\/www.lacandela.com.mx\/?page_id=420"},"modified":"2018-02-17T15:09:35","modified_gmt":"2018-02-17T15:09:35","slug":"home-page","status":"publish","type":"page","link":"https:\/\/www.lacandela.com.mx\/","title":{"rendered":"Servicios de Producci\u00f3n \/ Production Services"},"content":{"rendered":"<p style=\"text-align: justify;\"><strong>LA CANDELA Digital<\/strong>, surge de la casa productora La Candela films, fundada en 1998 en la ciudad de Monterrey, N.L. y dedicada a ofrecer servicios de producci\u00f3n audiovisual, realizando importantes proyectos para cine, tv e internet como comerciales, documentales, cortometrajes, video clips, videos corporativos, de capacitacion a nivel nacional e internacional.<\/p>\n<p style=\"text-align: justify;\">Debido a la entrada de la tecnolog\u00eda digital, en 2007, La Candela films abre oficinas en la Ciudad de M\u00e9xico, se renueva y amplia el abanico de servicios integrales, incluyendo la fotograf\u00eda fija, dise\u00f1o gr\u00e1fico, dise\u00f1o web y proyectos para redes sociales apoy\u00e1ndose en personal altamente calificado que se mantiene a la vanguardia de nuestros dias, convirti\u00e9ndose en\u00a0<strong>LA CANDELA Digital<\/strong>.<\/p>\n<p style=\"text-align: justify;\">Nuestro equipo de trabajo cuenta con una gran experiencia en el servicio publicitario y digital, cumpliendo con las expectativas propias y de nuestros clientes.<\/p>\n<p style=\"text-align: justify;\">En <strong>LC Digital<\/strong>\u00a0convertimos nuestra pasi\u00f3n en dedicado servicio logrando que nuestros clientes queden satisfechos con la tarea que nos encomiendan. Tenemos la fortuna de haber servido a la Industrial Publicitaria, Maquiladora, Alimentaria, Automotriz, Esparcimiento, Parques Tem\u00e1ticos, ONG\u2019s, Instituciones Educativas, Gobiernos Estatales, Partidos Pol\u00edticos y muchos ramos m\u00e1s, creando un espectro muy amplio en nuestra experiencia y posibilidades de servicio, sabi\u00e9ndonos aptos para cubrir sus necesidades para esta nueve era en la que la web se convierte en el medio m\u00e1s importante para publicitar, por lo que la realizaci\u00f3n de contenido, dise\u00f1o para p\u00e1ginas web y redes sociales se ha convertido en nuestro enfoque principal.<\/p>\n<p style=\"text-align: justify;\"><a href=\"https:\/\/www.lacandela.com.mx\/wp-content\/uploads\/2014\/09\/Tres-fotos-primero.jpg\"><img loading=\"lazy\" decoding=\"async\" class=\"aligncenter size-full wp-image-1710\" src=\"https:\/\/www.lacandela.com.mx\/wp-content\/uploads\/2014\/09\/Tres-fotos-primero.jpg\" alt=\"Tres fotos primero\" width=\"928\" height=\"197\" srcset=\"https:\/\/www.lacandela.com.mx\/wp-content\/uploads\/2014\/09\/Tres-fotos-primero.jpg 928w, https:\/\/www.lacandela.com.mx\/wp-content\/uploads\/2014\/09\/Tres-fotos-primero-300x63.jpg 300w\" sizes=\"auto, (max-width: 928px) 100vw, 928px\" \/><\/a><\/p>\n<p>&nbsp;<\/p>\n<p style=\"text-align: justify;\"><a href=\"https:\/\/www.lacandela.com.mx\/wp-content\/uploads\/2014\/09\/Tres-fotos-segundo.jpg\"><img loading=\"lazy\" decoding=\"async\" class=\"aligncenter size-full wp-image-1713\" src=\"https:\/\/www.lacandela.com.mx\/wp-content\/uploads\/2014\/09\/Tres-fotos-segundo.jpg\" alt=\"Tres fotos segundo\" width=\"928\" height=\"200\" srcset=\"https:\/\/www.lacandela.com.mx\/wp-content\/uploads\/2014\/09\/Tres-fotos-segundo.jpg 928w, https:\/\/www.lacandela.com.mx\/wp-content\/uploads\/2014\/09\/Tres-fotos-segundo-300x64.jpg 300w\" sizes=\"auto, (max-width: 928px) 100vw, 928px\" \/><\/a><\/p>\n<p style=\"text-align: justify;\"><strong>LA CANDELA Digital<\/strong> arises from the production Co. La Candela films, founded in 1998 in Monterrey, NL. Mexico and dedicated to offer audiovisual production services, making significant projects for film, tv, and the internet as commercials, documentaries, short films, \u00a0music videos, corporate and training videos, national and internationally.<\/p>\n<p style=\"text-align: justify;\">Due to the entry of digital technology, in 2007, La Candela films opens offices in Mexico, City, renews and expands the range of comprehensive services, including still photography, graphic design, web design and social media projects for leaning on highly qualified staff with remains at the forefront of our day, becoming the\u00a0<strong>LA CANDELA Digital<\/strong>.<\/p>\n<p style=\"text-align: justify;\">Our team has extensive experience in the advertising and digital service, fulfilling our own and our customer&#8217;s expectations.<\/p>\n<p style=\"text-align: justify;\">In <strong>LC Digital<\/strong>\u00a0we convert our passion dedicated service so that our customers are satisfied with the task entrusted to us. We are fortunate to have served the Industrial Advertising, Maquiladoras, Food, Automotive, Leisure, Theme Parks, NGO&#8217;s, Educational Institutions, State Governments, Political Parties and many branches more, creating a wide spectrum on our experience and service possibilities, knowing that we are capable to meet your needs for this nine era when the web becomes the most important advertising medium, so that the realization of content, design web pages and social networking has become our main focus.<\/p>\n<p style=\"text-align: center;\"><b>+52 1 \/ 554516.6470 &amp; +52 1 \/ 551953.5209<\/b><\/p>\n<p style=\"text-align: center;\"><b>info@lacandela.com.mx \/ skype: lacandeladigital<\/b><\/p>\n<p style=\"text-align: center;\"><a href=\"https:\/\/www.youtube.com\/channel\/UCH9zWxWEL_-9vRv0HdQh7ug\"><img loading=\"lazy\" decoding=\"async\" class=\"aligncenter wp-image-1800\" src=\"https:\/\/www.lacandela.com.mx\/wp-content\/uploads\/2014\/09\/youtube-logo.png\" alt=\"youtube-logo\" width=\"53\" height=\"53\" \/><\/a><\/p>\n<p style=\"text-align: center;\"><img loading=\"lazy\" decoding=\"async\" class=\"aligncenter wp-image-1763\" src=\"https:\/\/www.lacandela.com.mx\/wp-content\/uploads\/2014\/09\/LCD-FIRMA.png\" alt=\"LCD FIRMA\" width=\"212\" height=\"222\" \/><\/p>\n","protected":false},"excerpt":{"rendered":"<p>LA CANDELA Digital, surge de la casa productora La Candela films, fundada en 1998 en la ciudad de Monterrey, N.L. y dedicada a ofrecer servicios de producci\u00f3n audiovisual, realizando importantes proyectos para cine, tv e internet como comerciales, documentales, cortometrajes, video clips, videos corporativos, de capacitacion a nivel nacional e internacional. Debido a la entrada &hellip; <a href=\"https:\/\/www.lacandela.com.mx\/\" class=\"more-link\">Seguir leyendo <span class=\"screen-reader-text\">Servicios de Producci\u00f3n \/ Production Services<\/span> <span class=\"meta-nav\">&rarr;<\/span><\/a><\/p>\n","protected":false},"author":2,"featured_media":0,"parent":0,"menu_order":0,"comment_status":"open","ping_status":"closed","template":"","meta":{"footnotes":""},"class_list":["post-420","page","type-page","status-publish","hentry"],"jetpack_sharing_enabled":true,"_links":{"self":[{"href":"https:\/\/www.lacandela.com.mx\/index.php?rest_route=\/wp\/v2\/pages\/420","targetHints":{"allow":["GET"]}}],"collection":[{"href":"https:\/\/www.lacandela.com.mx\/index.php?rest_route=\/wp\/v2\/pages"}],"about":[{"href":"https:\/\/www.lacandela.com.mx\/index.php?rest_route=\/wp\/v2\/types\/page"}],"author":[{"embeddable":true,"href":"https:\/\/www.lacandela.com.mx\/index.php?rest_route=\/wp\/v2\/users\/2"}],"replies":[{"embeddable":true,"href":"https:\/\/www.lacandela.com.mx\/index.php?rest_route=%2Fwp%2Fv2%2Fcomments&post=420"}],"version-history":[{"count":10,"href":"https:\/\/www.lacandela.com.mx\/index.php?rest_route=\/wp\/v2\/pages\/420\/revisions"}],"predecessor-version":[{"id":1822,"href":"https:\/\/www.lacandela.com.mx\/index.php?rest_route=\/wp\/v2\/pages\/420\/revisions\/1822"}],"wp:attachment":[{"href":"https:\/\/www.lacandela.com.mx\/index.php?rest_route=%2Fwp%2Fv2%2Fmedia&parent=420"}],"curies":[{"name":"wp","href":"https:\/\/api.w.org\/{rel}","templated":true}]}}